 the greatest common divisor of 17 and q?
17
Let f = -1 - -2. Let a = -2 + f. Let q be a - 4/6*-3. Calculate the greatest common divisor of q and 1.
1
Suppose -15 = -3*v - 6. Let m = v + 2. What is the highest common divisor of 45 and m?
5
Suppose -5*u - 4*i + 57 = 0, -2*u + 4*i = -21 - 13. What is the highest common factor of 13 and u?
13
Let r(t) = -2*t**2 + 6*t - 3. Let o be r(4). Suppose 11 = -j + 5*a, -a = 4*j - j + 1. Let m be (0 - o) + j + 0. What is the greatest common divisor of 10 and m?
10
Let b = -1 + 6. Suppose 0 = -c + y + 9, -1 = -c - b*y + 14. Calculate the highest common divisor of 90 and c.
10
Let k(n) = 37*n. Let u be k(2). Let g = u - 14. Let w(d) = -d**3 - 4*d**2 - 3*d - 6. Let h be w(-4). What is the highest common divisor of h and g?
6
Let k be 1/(-3)*(8 + -2). Let m = k + 4. Let x be m - (-86)/(-3 + 5). What is the highest common factor of x and 9?
9
Let s(u) = u**2 + u + 14. Let q be s(0). Calculate the highest common factor of 98 and q.
14
Let i(v) = -3*v**2 - 23*v + 4. Let m be i(-7). What is the greatest common divisor of m and 45?
9
Let l be -4 + 5/((-15)/9). Let q = l - -16. What is the highest common factor of q and 6?
3
Suppose -s = s - 6. Suppose -3 = 4*j - 5*w - 49, 0 = -s*w + 6. Let d = 3 - -95. Calculate the highest common divisor of d and j.
14
Suppose -2 - 22 = -n. Calculate the highest common factor of 16 and n.
8
Suppose -3*x + 63 = -0*x. What is the highest common factor of x and 168?
21
Let s(l) = l**3 - 6*l**2 + 7*l + 8. Let j be s(8). Suppose -5*u = -u - j. Calculate the greatest common divisor of 72 and u.
24
Suppose -10*q = -59 - 61. What is the greatest common divisor of q and 16?
4
Let z(k) = k**3 - 3*k**2 + 4*k - 2. Let n be z(2). Suppose -66 = v - n*v. Calculate the highest common factor of v and 6.
6
Let d be 118 + -1 - (-3 + 0). Calculate the highest common divisor of d and 15.
15
Suppose -2*v + v - 4*w = -8, 5*w = 2*v - 3. Let c = 5 - -1. What is the highest common factor of c and v?
2
Let c = -23 - -27. Let g(b) = -b**3 + 5*b**2 + 5*b + 3. Let m be g(5). What is the greatest common divisor of c and m?
4
Suppose 48 = x + 2*x. Let l = 123 - 107. Calculate the highest common divisor of x and l.
16
Suppose -3*q - 3*x = -12, q - x + 20 = 6*q. Suppose 0 = t - 3*t + q. Suppose -t*c - c + 33 = 0. What is the highest common factor of c and 77?
11
Let p be (-10)/30 - 590/(-6). Let w = p + -53. Calculate the greatest common factor of w and 5.
5
Suppose 4*w + 31 = 5*u - 48, 2*w = 8. What is the greatest common factor of 133 and u?
19
Let s = -64 + 92. Suppose -3*u - 1 + 10 = 0. Suppose 350 = 2*b + u*b. Calculate the greatest common factor of b and s.
14
Let w be (-574)/(-6) + 1/3. Suppose -j - j = -24. Calculate the highest common divisor of j and w.
12
Let m = -1 - -1. Suppose -14 = n - m*n. Let u be ((-120)/n)/((-1)/(-7)). Calculate the greatest common divisor of 24 and u.
12
Suppose -5*f = -3*f - 84. Let a(b) = -b. Let n be a(-6). What is the greatest common divisor of f and n?
6
Let y(u) = 32*u. Let o be y(2). Suppose 4*r - o = -0*r. Suppose -3*s + 185 = -151. What is the greatest common divisor of r and s?
16
Let k(l) = l**2 - l + 5. Let t be k(0). Suppose z - 135 = 5*p, 0*z + t*p = -z + 135. Calculate the greatest common divisor of z and 54.
27
Let z(g) = -3*g - 2. Let d be z(-3). Let i = 173 + -110. Calculate the highest common divisor of i and d.
7
Suppose -11*q + 23 = -10*q + 5*n, -q + 3*n = 1. Suppose -13 = -5*t + 347. What is the highest common factor of t and q?
8
Let j(q) = 5*q - 1. Let z be j(1). Suppose 3*n + 3 = z*n. Suppose 4*f = n*f + 10. Calculate the greatest common factor of f and 20.
10
Suppose 0 = -d + 2*d + 1. Let k be -1*(d + 0 - 6). Suppose s - 13 = k. Calculate the highest common factor of 30 and s.
10
Let t be (-20)/(-6)*9/6. Suppose -4*f + 144 = -b, 29 - 95 = -2*f - b. Calculate the highest common divisor of t and f.
5
Let f be ((-328)/(-20) - 2)*80/12. What is the highest common divisor of f and 6?
6
Suppose -4*v - 2 + 98 = 0. What is the greatest common divisor of v and 264?
24
Suppose t = 4*v - 15 - 159, -224 = -5*v - 2*t. Let x be (-9)/(-3) + -2 + v. Suppose 0*b = -3*b + x. What is the highest common divisor of b and 105?
15
Suppose 3*w + 5*a - 80 = 0, -4*w + 0*a + 155 = -3*a. What is the highest common factor of 385 and w?
35
Let n = 32 + -48. Let l = 27 + n. Suppose 4*p = -5*g - 9, -4*p + 3*g = -5*p - l. What is the greatest common divisor of 44 and p?
4
Suppose -5*w + 340 = -w. Let v = 1 + 0. Let l be 1/(v - (-16)/(-17)). What is the greatest common divisor of w and l?
17
Let v(f) = -f + 12. Let b be v(10). Suppose b = 4*j + 46. Let p be j/(-2)*-1*-2. What is the greatest common divisor of 33 and p?
11
Let p = 19 + -15. What is the highest common divisor of 16 and p?
4
Suppose 3*i = 3*b + 678, 5*b - i + 1138 = 2*i. Let m be (b/8)/(7/(-28)). Let d = 49 - 26. Calculate the greatest common divisor of m and d.
23
Suppose 0 = b + 4*h + 11, 4*h = b + 5 - 34. Let i = -6 + b. What is the greatest common divisor of i and 27?
3
Suppose 5*g = -n + 14, 0*g = -n + g + 2. Suppose 4*f - 8 = -2*k + 20, -2*k = 2*f - 18. Let t be k/10 - 54/(-15). What is the greatest common divisor of n and t?
4
Suppose 0*p + 2*p - 12 = 0. Let w(x) = x**2 - x + 4. Let s be w(5). What is the greatest common factor of s and p?
6
Let k(l) = 34*l**2 - 1. Let g be k(1). Let j be (-10)/(-4)*20/25. Suppose 0 = -j*a + 7 + g. Calculate the greatest common divisor of 5 and a.
5
Let m = -15 - -21. Calculate the greatest common factor of m and 54.
6
Suppose -6*k - a - 22 = -2*k, 2*k + 5*a + 2 = 0. Let h be 4 - (1 - -1) - k. What is the highest common divisor of 4 and h?
4
Let r be (2 + -1)*6/1. Let p be -2 - (-4 - -2) - 3. Let j be r/((p/(-2))/1). What is the greatest common divisor of 44 and j?
4
Let a(k) = -4 - 2*k + 0 - k. Let m be a(-7). What is the highest common divisor of m and 17?
17
Let g be 0*(1 - (-6)/(-4)). Suppose -5*r = -n + 20, 5*r + g*r = -4*n + 180. What is the highest common divisor of n and 60?
20
Let s(a) = 2 - 6 + a**3 + 0 - 4*a - 4*a**2. Let y be s(6). Calculate the greatest common factor of y and 4.
4
Let d be 10/5*(-6)/(-4). Suppose -u + d*u - 8 = 0. Let v be -2 + 2 + (0 - -12). Calculate the greatest common factor of v and u.
4
Suppose y + 0*y = 34. Let z be 7/((-28)/12) - -54. What is the greatest common divisor of z and y?
17
Let y be (1 + 1)*33/2. What is the highest common divisor of 3 and y?
3
Suppose 7*p + 84 = 10*p. Calculate the greatest common divisor of 112 and p.
28
Let j(n) = -59*n**2 - 2*n - 1. Let u be j(-2). Suppose -4*w = 362 + 122. Let d = w - u. What is the highest common factor of 16 and d?
16
Suppose 3*i + 2*g - 5*g - 129 = 0, 1 = g. Suppose 2*z + 1 + 27 = 0. Let h = z + 25. What is the greatest common divisor of i and h?
11
Let l(a) = 6*a. Let b be l(-5). Let c be b/(-2) - (-21)/(-7). Calculate the highest common divisor of c and 3.
3
Let x(r) = -3*r**2 + 8*r - 1. Let o be x(7). Let u = o - -134. Suppose h + 2*l = -4*h + 56, 3*h - u = -4*l. What is the highest common factor of h and 40?
10
Suppose -16*d - 483 = -23*d. Calculate the greatest common divisor of d and 46.
23
Suppose -c + 0*c = -8. Suppose 2*j + c - 22 = 0. Suppose 0*v = 2*v - 154. Calculate the highest common factor of v and j.
7
Suppose c = 3*c - 66. Let o be 5*4/(-30)*-6. Suppose 3*r + c = o*r. What is the highest common factor of 11 and r?
11
Let l(r) = 6*r + 2 + 0 + 3*r. Let t be l(4). Suppose 89 + 196 = 3*y. What is the highest common factor of y and t?
19
Suppose -2*v + 5*f = 10*f - 85, 4*v + 2*f - 146 = 0. What is the greatest common divisor of 175 and v?
35
Suppose -2*q + 4 + 2 = 0. Suppose 5*x = -0*x + 4*v + 60, 5*v = 4*x - 39. Let f = 19 - x. Calculate the greatest common factor of f and q.
3
Let k(z) = -z**2 + z + 2. Let r be k(2). Suppose r = x - 3*x + 6. Let g = -14 - -20. What is the highest common divisor of x and g?
3
Let g(y) = -6*y - 12. Let m be g(-10). Calculate the highest common factor of m and 72.
24
Suppose 0 = -5*m + 91 + 89. Suppose -j = -4*j + m. Let w be j/((-2)/4 + 1). What is the greatest common divisor of 12 and w?
12
Suppose -1 - 2 = w - 4*f, -4*w = -3*f - 27. Calculate the greatest common divisor of w and 99.
9
Suppose 5*l = l + 72. Suppose 5*f - 24 = 21. Let i = 54 -